me factors of 33949914?
2, 3, 541, 10459
What are the prime factors of 275445039?
3, 157, 584809
What are the prime factors of 930437697?
3, 7, 61, 726337
What are the prime factors of 751242939?
3, 5737, 43649
What are the prime factors of 88195758?
2, 3, 7, 19, 79, 1399
What are the prime factors of 166819689?
3, 61, 101287
What are the prime factors of 46725671?
46725671
List the prime factors of 4331009983.
1847, 2344889
List the prime factors of 170213807.
5171, 32917
List the prime factors of 316416139.
13, 19, 191, 353
What are the prime factors of 207300971?
659, 314569
What are the prime factors of 1756873345?
5, 71, 4948939
What are the prime factors of 1393752763?
13, 677, 158363
List the prime factors of 269792584.
2, 17, 79, 25111
List the prime factors of 157904461.
11, 13, 67, 16481
List the prime factors of 578745497.
11, 52613227
What are the prime factors of 1599363318?
2, 3, 7, 149, 255571
What are the prime factors of 134162985?
3, 5, 11, 193, 383
List the prime factors of 43065609.
3, 19, 29, 26053
List the prime factors of 3666934312.
2, 103, 4450163
What are the prime factors of 265433490?
2, 3, 5, 7, 20063
List the prime factors of 153983896.
2, 11, 23, 76079
List the prime factors of 52182800.
2, 5, 130457
What are the prime factors of 602852332?
2, 67, 1249, 1801
What are the prime factors of 317719652?
2, 73, 1088081
What are the prime factors of 765445690?
2, 5, 61, 467, 2687
What are the prime factors of 4685991890?
2, 5, 149, 3144961
What are the prime factors of 809522919?
3, 89946991
What are the prime factors of 313734662?
2, 156867331
What are the prime factors of 1674255254?
2, 7, 31, 37, 41, 2543
List the prime factors of 2428476804.
2, 3, 13, 23, 225611
List the prime factors of 65622512.
2, 397, 10331
What are the prime factors of 6871476901?
19, 361656679
What are the prime factors of 142380700?
2, 5, 7, 11, 41
List the prime factors of 386057158.
2, 509, 601, 631
What are the prime factors of 37468969?
17, 19, 311, 373
What are the prime factors of 9448877?
9448877
List the prime factors of 149362670.
2, 5, 14936267
What are the prime factors of 30768443?
30768443
List the prime factors of 851532336.
2, 3, 29, 203911
What are the prime factors of 4299188208?
2, 3, 7, 17, 743, 1013
List the prime factors of 4168888.
2, 23, 139, 163
What are the prime factors of 30739857?
3, 167, 61357
List the prime factors of 694371577.
3559, 195103
What are the prime factors of 235150447?
7, 47, 73, 9791
List the prime factors of 35523266.
2, 67, 179, 1481
List the prime factors of 51422340.
2, 3, 5, 857039
List the prime factors of 564090117.
3, 353, 532663
List the prime factors of 53707995.
3, 5, 11, 59, 613
What are the prime factors of 178489633?
7, 149, 171131
List the prime factors of 101242900.
2, 5, 11, 31, 2969
List the prime factors of 22612724.
2, 5653181
What are the prime factors of 2919462943?
193, 1489, 10159
What are the prime factors of 171976325?
5, 587, 11719
What are the prime factors of 63517483?
63517483
What are the prime factors of 3371524666?
2, 20807, 81019
List the prime factors of 694687932.
2, 3, 17, 1135111
What are the prime factors of 53042906?
2, 7, 3788779
List the prime factors of 613120288.
2, 11, 89, 19571
What are the prime factors of 869963128?
2, 211, 515381
List the prime factors of 73168850.
2, 5, 17, 59, 1459
List the prime factors of 1978765224.
2, 3, 82448551
List the prime factors of 377035218.
2, 3, 7, 73, 179, 229
List the prime factors of 1055740256.
2, 17, 1940699
List the prime factors of 53726418.
2, 3, 53, 199, 283
What are the prime factors of 51539030?
2, 5, 5153903
List the prime factors of 10768797.
3, 13, 92041
List the prime factors of 356900333.
356900333
List the prime factors of 1371433449.
3, 101, 1237, 3659
What are the prime factors of 4825115446?
2, 5783, 417181
List the prime factors of 82861495.
5, 16572299
What are the prime factors of 97765974?
2, 3, 1810481
List the prime factors of 840864928.
2, 53, 71, 6983
What are the prime factors of 3527765821?
401, 8797421
What are the prime factors of 1401739287?
3, 13, 59, 421, 1447
What are the prime factors of 3527630859?
3, 1175876953
What are the prime factors of 339998145?
3, 5, 191, 118673
List the prime factors of 68905474.
2, 11, 263, 11909
What are the prime factors of 985242649?
985242649
List the prime factors of 7416507268.
2, 2281, 812857
What are the prime factors of 104997800?
2, 5, 19, 27631
What are the prime factors of 63086339?
29, 2175391
List the prime factors of 71852989.
13, 23, 47, 5113
What are the prime factors of 44546602?
2, 19, 1172279
List the prime factors of 116332481.
116332481
What are the prime factors of 2030170375?
5, 29, 560047
What are the prime factors of 569432820?
2, 3, 5, 11, 862777
List the prime factors of 782194488.
2, 3, 23, 1417019
List the prime factors of 2788898747.
2788898747
List the prime factors of 242037306.
2, 3, 7, 29, 66239
What are the prime factors of 1408216317?
3, 79, 5941841
What are the prime factors of 41206004?
2, 7, 1109, 1327
What are the prime factors of 816315810?
2, 3, 5, 19, 1171, 1223
What are the prime factors of 17075208?
2, 3, 17, 41851
What are the prime factors of 905450038?
2, 452725019
What are the prime factors of 89968285?
5, 11, 811, 2017
List the prime factors of 138652088.
2, 31, 559081
List the prime factors of 2327608047.
3, 79, 9821131
List the prime factors of 90973924.
2, 23, 307, 3221
What are the prime factors of 2141633779?
1009, 2122531
List the prime factors of 3470947691.
191, 617, 29453
What are the prime factors of 2294924665?
5, 11, 659, 63317
List the prime factors of 104045582.
2, 313, 166207
What are the prime factors of 31053038?
2, 593, 26183
List the prime factors of 87966645.
3, 5, 13, 67, 6733
What are the prime factors of 5330450828?
2, 2029, 656783
What are the prime factors of 120676634?
2, 13, 587, 7907
List the prime factors of 2110760969.
29, 149, 557, 877
List the prime factors of 3086655220.
2, 5, 11, 347, 40433
What are the prime factors of 6867186?
2, 3, 43, 619
What are the prime factors of 669383266?
2, 334691633
What are the prime factors of 230431968?
2, 3, 13, 61547
What are the prime factors of 163040333?
211, 772703
What are the prime factors of 547055153?
4507, 121379
List the prime factors of 345735879.
3, 67, 347, 4957
What are the prime factors of 301101168?
2, 3, 6272941
What are the prime factors of 591015151?
2851, 207301
What are the prime factors of 7920318?
2, 3, 7, 188579
List the prime factors of 621058765.
5, 23, 5400511
What are the prime factors of 51257393?
11, 4659763
What are the prime factors of 3799976?
2, 17, 27941
List the prime factors of 12002453.
2699, 4447
What are the prime factors of 1850056304?
2, 1277, 90547
List the prime factors of 1906576029.
3, 29, 2434963
List the prime factors of 52746247.
52746247
List the prime factors of 709540931.
11, 64503721
What are the prime factors of 1253497306?
2, 7523, 83311
List the prime factors of 5787748388.
2, 1446937097
List the prime factors of 319054711.
43, 1619, 4583
List the prime factors of 572991553.
572991553
List the prime factors of 104551266.
2, 3, 3691, 4721
What are the prime factors of 35771525?
5, 1430861
What are the prime factors of 155603141?
19, 8189639
List the prime factors of 110048774.
2, 11, 349, 1303
List the prime factors of 395137766.
2, 17, 11621699
List the prime factors of 405591268.
2, 101397817
List the prime factors of 71730732.
2, 3, 71, 84191
What are the prime factors of 1187289502?
2, 7, 12115199
List the prime factors of 2161720663.
17, 127160039
What are the prime factors of 4690843418?
2, 2345421709
List the prime factors of 242648902.
2, 121324451
List the prime factors of 591311712.
2, 3, 353, 17449
List the prime factors of 1592256.
2, 3, 8293
What are the prime factors of 109212983?
11, 9928453
What are the prime factors of 263058540?
2, 3, 5, 83, 101, 523
List the prime factors of 714610526.
2, 7, 37, 409, 3373
What are the prime factors of 712723848?
2, 3, 617, 48131
What are the prime factors of 31729546?
2, 15864773
What are the prime factors of 187980884?
2, 7, 13, 516431
List the prime factors of 317915887.
12391, 25657
List the prime factors of 3930440791.
71,